**3 - 16*s**2 + s - 6. Suppose -4*f = f - 3*o - 37, 0 = f - 5*o - 3. Let d be a(f). What is the highest common factor of 24 and d?
2
Suppose -360*r = -1158 - 5322. Calculate the highest common factor of 16002 and r.
18
Let k = -341 + 344. Suppose 0 = -m - k*r + 32, 4*m + 2*r - 123 - 25 = 0. Calculate the greatest common factor of 76 and m.
38
Let i = 48 + 11. Let m(r) = 8037*r + 56672. Let t be m(-7). What is the greatest common factor of i and t?
59
Suppose 5*o - 113 = -28. Suppose 0 = -28*p - 10173 - 10015. Let w be 206/p - (0 - (-1311)/(-7)). Calculate the highest common divisor of w and o.
17
Let g(n) be the first derivative of -n**2/2 + 244*n + 195. Let a be g(-9). Calculate the highest common factor of 23 and a.
23
Let d(h) be the first derivative of 8*h**3/3 + 45*h**2 + 35*h + 83. Let a be d(-14). What is the highest common divisor of 7 and a?
7
Suppose y + 2*k - 111 = 0, 0*y - 2*y + 3*k = -201. Suppose -3*b + y = 4*b. Suppose b + 7 = l. What is the highest common divisor of l and 2?
2
Let v(s) = -7*s + 3*s + 4 - 2 + 5*s. Let r be v(-2). Suppose r = -4*t - 2*j + 12, -5*t + 41 = -0*j - 4*j. What is the highest common factor of 40 and t?
5
Suppose -5*f + 36 = -24. Suppose 22*k = 4*k + 180. Let v be k + 5/5 - 5. What is the highest common factor of f and v?
6
Let s(p) = p**3 - 7*p**2 + 7*p. Let z be s(6). Suppose -164*d - 1786 = -166*d. Let u = -851 + d. What is the highest common factor of u and z?
6
Let o be (-14)/((-9)/(18/4)). Suppose 9*c = -o*c + 448. Calculate the highest common divisor of 532 and c.
28
Let g = 57755 - 57751. Suppose 0 = l, -l = -4*v - 0*l + 496. Suppose 0*i + 236 = 5*p + 4*i, 3*p = 2*i + v. What is the highest common divisor of p and g?
4
Let n be 23*((-15)/9*3 - -27). Let j(m) = -12*m - 2. Let p be j(-2). What is the greatest common factor of p and n?
22
Suppose -101 = -19*p + 568 + 72. What is the greatest common factor of p and 7306?
13
Let i = 25 + -21. Let c be ((-6)/i)/(15/(-110)). Let p be (-9)/6*(-2530)/69. What is the highest common factor of p and c?
11
Let v be 3784/(-66)*(-3)/(-2). Let m = v - -177. Let t be 880/26 - (-14)/m. What is the greatest common factor of t and 34?
34
Suppose 0 = -5*c + 35, -5*g + 52*c + 45082 = 48*c. Calculate the greatest common factor of g and 52.
26
Suppose 8*j = 4*o + 12*j - 44, o + 4*j = 11. Let u(v) = 5*v**2 - 17*v + 86. Let t be u(o). What is the greatest common factor of 63 and t?
63
Suppose -5*h + 2*z + 936 = 0, -5*h - z = -739 - 218. Let v be (-612)/(-63) + 2/7. Calculate the highest common divisor of v and h.
10
Let b(w) = 342*w - 760. Let u be b(20). What is the greatest common divisor of 1330 and u?
190
Suppose 2*p - 51 = 261. Calculate the highest common divisor of p and 8.
4
Let j(g) = -g**3 + 14*g**2 + 15*g - 22. Let m be j(9). Calculate the highest common factor of m and 592.
74
Let s = 807 + -459. What is the greatest common divisor of 4263 and s?
87
Let m(k) = -17*k - 1. Suppose -2*a = y + 6, -4*y = -3*a - 2 + 4. Let x be m(a). Let g = -11 + x. What is the highest common divisor of g and 22?
22
Let d = 49 - 19. Let i be d/(-10) - (-8 + 0). What is the highest common divisor of 5 and i?
5
Suppose -23*q + 978 = -11074. Let w = q - 317. Calculate the highest common divisor of 69 and w.
69
Let c = 1296 - 1271. Calculate the greatest common divisor of 2250 and c.
25
Suppose 4*w - 442 = 6*w. Let x(d) = d**3 + 3*d**2 + 14*d + 11. Let f be x(-5). Let o = f - w. Calculate the highest common divisor of 16 and o.
16
Suppose b = -0*b + 8. Suppose -102 = -d + g, 3*g + 198 = 2*d - 2*g. Calculate the greatest common divisor of d and b.
8
Suppose 16 = 4*f, 3*f = -3*g - 2*f - 7. Let q be (-714)/54 - 2/g. Let k = q + 19. Calculate the greatest common divisor of 4 and k.
2
Let o(l) = 20*l**2 + 21*l + 25. Let h be o(-6). Suppose 11*c - 107 = h. What is the highest common factor of c and 33?
33
Suppose -73 - 7 = -8*j. Suppose 5*u - 1140 = -3*x, 0 = 3*x - x - j. Calculate the greatest common factor of u and 25.
25
Let l(r) be the second derivative of -r**5/20 + 7*r**4/6 - 7*r**3/2 - 9*r**2 + 61*r. Let w be l(12). What is the highest common divisor of w and 90?
18
Suppose -5*p - 5*j = 0, j + 3 + 5 = 3*p. Suppose 8*f - p*f - 5*f = 0. Suppose g + 17 - 42 = f. What is the highest common factor of g and 225?
25
Suppose -f + 6 = 1. Let o = -77735 + 77752. Calculate the highest common divisor of o and f.
1
Let p(a) = -3*a**3 - 5*a**2 + 15*a + 14. Let t be p(-5). Let v = 46 + 89. Suppose -11*s = -6*s - v. What is the greatest common factor of s and t?
27
Let m(p) = 68*p**2 + 217*p - 11*p**2 - 220*p. Let i be m(2). What is the greatest common factor of 296 and i?
74
Suppose -23*t + 16109 + 7443 = 0. Calculate the highest common factor of 32 and t.
32
Suppose 44042 = 39*b - b. Suppose -b*x = -1163*x + 440. Calculate the highest common factor of 50 and x.
10
Suppose 567*l + 8495 = 572*l + 5*g, -4*g - 5076 = -3*l. Calculate the highest common factor of 928 and l.
32
Suppose -1265 = 1005*m - 1006*m + l, -m - 4*l = -1295. Calculate the greatest common factor of 403 and m.
31
Let i = 708 + -324. Let s be 780/16 + (-135)/36 + 3. Calculate the greatest common divisor of s and i.
48
Let a be 5 + 6/((-42)/49). Let l(o) = -12*o + 8. Let g be l(a). Calculate the greatest common divisor of g and 144.
16
Let j(z) be the second derivative of -z**4/12 - 13*z**3/3 - 7*z**2 - 11*z - 4. Let q be j(-21). Calculate the highest common divisor of q and 35.
7
Let f = 6347 - 6239. Calculate the highest common divisor of f and 117.
9
Suppose 2*p + 34178 = 2*d, 3*d = -4*p + 33810 + 17408. Calculate the highest common factor of 234 and d.
234
Suppose 0 = -x + 1, -23*x = 2*q - 25*x - 131382. What is the highest common divisor of q and 44?
44
Let c = 18196 - 17833. What is the highest common factor of c and 1023?
33
Suppose 150 + 927 + 395 = 46*c. What is the highest common factor of c and 30496?
32
Let a(z) = z**3 + 10*z**2 - 79*z + 18. Let h be a(-15). Calculate the highest common divisor of 728 and h.
26
Suppose 5*l + 5*q = 1370, -4*q - 1320 = -5*l + q. Let j = l + -266. What is the highest common factor of j and 15?
3
Let g = 19751 + -18555. Calculate the greatest common divisor of g and 115.
23
Let z be (1 - 9)/(6/(-477)). Suppose 139*v - 74*v = 856*v - 9492. What is the highest common factor of v and z?
12
Let t = 135 - -45. Suppose 2*w + 78 = 2*o, 3*o - 5*w - 76 = 59. What is the highest common divisor of o and t?
30
Suppose -7 - 17 = -4*r. Suppose 39*c - 8599 = -7741. Calculate the highest common factor of c and r.
2
Let a(s) = 1 - s**2 + 0*s - s**3 + 5*s - 3*s**2. Let x be a(-5). Suppose -4*u = 8, -6*o + 3*u = -2*o - 70. What is the greatest common divisor of o and x?
1
Let b be 2*1/4*(-28 + 32). Suppose 4*x = 4*p - 316 - 768, -4*p + b*x = -1082. Calculate the greatest common divisor of 10 and p.
10
Let l be -12*(-12 + 10) - -6. What is the highest common factor of 1990 and l?
10
Let i be 4 + 155154/90 - (-1)/15. Calculate the highest common factor of 3 and i.
3
Suppose 39223 = 112*x + 6295. What is the highest common divisor of 3108 and x?
42
Suppose 52650 = 56*n - 31*n. Calculate the highest common divisor of n and 52.
26
Let w be 4/14 + 9 + 253/(-77). Let b(a) = 5*a + 1. Let s be b(2). Suppose 0 = s*m - w*m - 75. Calculate the greatest common factor of m and 15.
15
Suppose 131*c + 3*h - 1 = 129*c, -3 = 3*h. What is the highest common factor of c and 162?
2
Suppose 2*o = -o + 2*c + 210, 2*c + 138 = 2*o. Suppose -99*m - 1632 + 12228 = 5052. What is the greatest common factor of o and m?
8
Let s be 10806/30 - 1/5. Suppose 0 = -21*j + 5652 - s. Calculate the highest common divisor of 21 and j.
21
Let d(v) = 652*v + 432. Let u be d(57). What is the greatest common divisor of 13 and u?
13
Let a be (-1 - 3*5) + 1. Let m = a + 32. Suppose 347*s - 33847 = 166*s. Calculate the highest common factor of s and m.
17
Let r(o) = -o**3 - 15*o**2 - 3*o + 160. Let z be r(-14). Calculate the highest common divisor of 2790 and z.
6
Let k = 26887 + -26752. What is the greatest common factor of 565 and k?
5
Let t = 17 - -5. Let b(a) = -a**3 - 17 - 11*a**2 + 4*a**2 - 3*a**2 + 2*a**2 - 11*a. Let r be b(-7). What is the highest common divisor of r and t?
11
Suppose -29*a + 2792 = -108. What is the highest common divisor of a an